0102
What is 42361000 (base 7) in base 11?
2035785
-4137ba (base 12) to base 9
-1827417
Convert 480b8 (base 15) to base 14.
5d9b3
Convert -101000111011111 (base 2) to base 16.
-51df
-102232002 (base 4) to base 16
-12b82
Convert 111b6c (base 13) to base 11.
256593
What is 214db2 (base 16) in base 4?
20110312302
What is 22423f (base 16) in base 10?
2245183
What is 3120725 (base 10) in base 6?
150515445
Convert -50bb9 (base 14) to base 8.
-573537
What is -1c275 (base 16) in base 14?
-3004d
What is 65303621 (base 7) in base 14?
a53db8
What is -101012001201 (base 3) in base 13?
-70369
Convert 1821963 (base 12) to base 3.
100110002210210
188fd (base 16) to base 6
2053433
Convert 42234001 (base 5) to base 10.
352376
c85889 (base 14) to base 15
8dcd50
-282826 (base 9) to base 16
-2a2ac
Convert 39910 (base 12) to base 15.
18663
-750753 (base 8) to base 4
-331013223
Convert 282521 (base 9) to base 11.
10863a
Convert -3132233233 (base 4) to base 9.
-1640471
Convert 2212310301 (base 4) to base 13.
1ac037
Convert -8a53 (base 14) to base 15.
-7190
Convert -2006559 (base 11) to base 15.
-4a25a2
-16cb5 (base 16) to base 3
-11202001222
21021010002211 (base 3) to base 5
1442011011
39fe9 (base 16) to base 14
627d7
20030302 (base 6) to base 8
2115236
Convert 29b8b17 (base 12) to base 14.
11a1391
101002202221020 (base 3) to base 2
10100011110110011001101
Convert 359086 (base 10) to base 15.
715e1
What is -538462 (base 9) in base 3?
-121022112002
What is 11b33b (base 15) in base 16?
ceff0
What is -2255513 (base 6) in base 2?
-11100011110000101
What is 166107 (base 8) in base 7?
341230
Convert -8a8908 (base 15) to base 13.
-14a5a14
What is -310031343 (base 5) in base 13?
-34abb3
1011001010001 (base 2) to base 9
7747
Convert 2102044 (base 9) to base 10.
1123429
What is 43364a (base 11) in base 14?
14072c
-570626 (base 16) to base 9
-11652285
Convert -1411011 (base 6) to base 14.
-20c6b
What is 77e23b (base 16) in base 13?
1821146
10031870 (base 9) to base 15
64d67c
Convert 2301325 (base 6) to base 15.
249db
-30231243 (base 5) to base 11
-156385
Convert 13754269 (base 10) to base 11.
7844871
Convert 5600d (base 14) to base 8.
627255
What is -13726354 (base 9) in base 13?
-1544c6b
Convert -65694 (base 11) to base 3.
-11211202202
-394a2a (base 13) to base 10
-1381442
What is -32525552 (base 6) in base 5?
-222212014
Convert 11011101100011010 (base 2) to base 8.
335432
What is -3222435 (base 7) in base 10?
-392271
What is -61852 (base 13) in base 3?
-22220000211
Convert -7ba1c2 (base 14) to base 12.
-14b33a6
What is 32caa8 (base 15) in base 7?
26406023
Convert -400657 (base 8) to base 15.
-28e6d
Convert 10e6a (base 15) to base 7.
313033
What is -212c57 (base 16) in base 7?
-24323210
132304014 (base 5) to base 9
1224678
-1110000001001011101001 (base 2) to base 10
-3674857
What is 3520214 (base 9) in base 7?
22113466
-762304 (base 9) to base 16
-6ef0e
What is 37bbc (base 13) in base 3?
12020101122
21441431 (base 6) to base 3
1012200022001
What is -878809 (base 13) in base 15?
-42ee3d
What is 22222102001 (base 3) in base 9?
288361
What is 201212211100201 (base 3) in base 14?
1590a20
Convert 1503304 (base 6) to base 5.
10230141
What is 31db8 (base 16) in base 3?
101101010120
Convert 2313032341 (base 5) to base 9.
10713347
3238081 (base 9) to base 12
6b9961
Convert 420105 (base 6) to base 12.
17635
32203320 (base 5) to base 9
454514
What is 23225212 (base 8) in base 7?
60661625
111442044 (base 5) to base 3
221101101112
Convert 48a54 (base 13) to base 15.
298a4
Convert -40378 (base 9) to base 10.
-26558
What is 131341342 (base 5) in base 9?
1204326
Convert 1054886 (base 10) to base 3.
1222121000212
What is -2025008 (base 10) in base 13?
-55b93b
278595 (base 12) to base 4
2200201001
What is 13613536 (base 7) in base 14?
254bc6
17ab623 (base 15) to base 3
1012110102221020
What is 101212102211120 (base 3) in base 2?
10110000010000110000011
What is 2731558 (base 12) in base 10?
7778516
Convert 1d0399 (base 16) to base 9.
3517278
Convert 1107267 (base 9) to base 3.
1010021022021
What is -10110591 (base 10) in base 16?
-9a467f
Convert 2585b8 (base 13) to base 14.
19760b
Convert 52617 (base 9) to base 5.
2103030
What is 1111010011001011 (base 2) in base 12?
30323
What is 24864 (base 9) in base 7?
66550
What is 250638a (base 11) in base 7?
52014053
Convert 2d1374 (base 14) to base 16.
1815fa
Convert -1b0c78 (base 15) to base 9.
-2430365
Convert 73795 (base 12) to base 3.
21200202112
111626 (base 12) to base 4
1002130332
-10434040 (base 6) to base 10
-315816
2002100120112 (base 3) to base 5
240443403
Convert -201450 (base 10) to base 14.
-535b4
What is -442021034 (base 5) in base 3?
-10120220210111
Convert -333980 (base 11) to base 2.
-10000001111100010110
430530 (base 6) to base 3
1210021100
12e162 (base 15) to base 13
25a4bc
What is -43039c (base 16) in base 8?
-20601634
Convert 64646 (base 12) to base 7.
1060362
-46517 (base 9) to base 13
-11188
Convert -144435 (base 6) to base 16.
-36a7
-1011000110000100011 (base 2) to base 8
-1306043
What is -2314415 (base 6) in base 15?
-253a5
What is 543331 (base 13) in base 3?
10201111002121
Convert 2112000100120 (base 3) to base 8.
5066516
1ad88 (base 16) to base 12
53774
Convert 8efdf2 (base 16) to base 12.
317b12a
Convert 1421230204 (base 5) to base 16.
38643f
Convert 14365 (base 8) to base 7.
24425
2317752 (base 10) to base 6
121402200
-373007 (base 8) to base 11
-88616
What is 939160 (base 11) in base 10?
1505548
What is 130435234 (base 6) in base 11?
1496064
What is 294ac29 (base 13) in base 8?
62063334
What is -2048898 (base 14) in base 15?
-150e745
25353535 (base 6) to base 12
3388ab
What is -12351b3 (base 13) in base 15?
-76ddd8
Convert -14301111 (base 9) to base 14.
-d2688c
What is 42223140 (base 5) in base 10?
351670
-1224151551 (base 6) to base 3
-222201100010211
What is 19a582 (base 15) in base 9?
2314605
-2136344 (base 8) to base 10
-572644
1116421 (base 7) to base 11
95589
-340 (base 13) to base 14
-2bd
Convert -296a1 (base 11) to base 9.
-63665
Convert 3233114 (base 6) to base 8.
470546
What is -1b9d3 (base 14) in base 5?
-4224144
533612 (base 7) to base 15
1c665
1646042 (base 8) to base 14
c6402
133dd9 (base 14) to base 13
1a3333
110001111010110111 (base 2) to base 15
408b6
Convert 200022200020112 (base 3) to base 8.
45110774
Convert -111001000001110100100 (base 2) to base 6.
-104015232
Convert -10111120212010 (base 3) to base 8.
-7064201
-12113350 (base 6) to base 13
-1054b9
What is -32220213201 (base 4) in base 11?
-2190373
Convert -12613 (base 7) to base 12.
-1b67
Convert -4125521 (base 6) to base 14.
-5237b
Convert 10100010120 (base 3) to base 11.
45403
Convert 8245503 (base 9) to base 14.
827683
What is 1020233201 (base 4) in base 13?
a5806
72bcb4 (base 15) to base 11
3097910
What is 1022201001 (base 3) in base 2?
110010110101101
Convert -1164c8 (base 15) to base 16.
-caf6a
Convert -284ac71 (base 13) to base 14.
-19a2da8
-11c051 (base 13) to base 5
-102120114
What is 2021211232 (base 4) in base 8?
2114556
What is 22223330100 (base 4) in base 6?
140013320
What is 45c308 (base 14) in base 5?
1102030100
What is -1322154 (base 8) in base 9?
-623207
38219 (base 14) to base 16
2198f
-102540 (base 9) to base 10
-60948
-2110220220 (base 3) to base 11
-33721
Convert 20112101122202 (base 3) to base 9.
6471582
What is 10100100111011101010 (base 2) in base 10?
675562
-220101111 (base 4) to base 15
-33d19
What is 4252454 (base 6) in base 15?
42011
Convert 112002122212 (base 3) to base 9.
462585
Convert -11415532 (base 9) to base 7.
-65161355
What is -109a49b (base 12) in base 4?
-30022330313
What is -78153 (base 13) in base 9?
-361613
What is 22201000202 (base 3) in base 8?
516507
-c50c (base 15) to base 16
-a2a5
What is 541254123 (base 6) in base 4?
210210223203
What is 211234 (base 8) in base 5?
4222200
Convert c27892 (base 14) to base 16.
63f848
What is -4577501 (base 8) in base 5?
-304314433
11a320 (base 12) to base 10
287304
56ab23 (base 13) to base 4
13310321221
Convert -4232561 (base 9) to base 13.
-614215
Convert 53436455 (base 7) to base 4.
101112030323
What is 112270 (base 8) in base 13?
14438
What is 11102211011 (base 3) in base 15?
1ad34
-2003170 (base 8) to base 4
-2000121320
Convert 242a2 (base 11) to base 14.
ca52
60